2 - (-242)/8)/(2/776) composite?
True
Is 1580 - (15/3)/5 a prime number?
True
Let p(o) = -5*o + 6. Let s be (-3)/(-2)*(-8)/6. Let q be 6 + s + (-54)/6. Is p(q) a composite number?
False
Is 12*((-987)/(-12) + -9) a composite number?
True
Let u = 3 - 4. Suppose 5*h = -2*r + 168, 0*h - 2*h + 4*r = -72. Let q = h + u. Is q composite?
True
Suppose 0 = -4*h + 22 - 2. Suppose h*f + 708 = 23728. Suppose -9*v = -5*v - f. Is v a composite number?
False
Suppose 993 = 5*u - p, -p + 8 = 3*p. Let d = 326 - u. Is d a composite number?
False
Suppose -196 - 4399 = -5*t. Suppose 10*o - 261 = t. Is o a prime number?
False
Suppose -10*r = -54421 - 14989. Is r a prime number?
False
Let p = -907 - -1760. Is p prime?
True
Suppose -3*u + 42 = -u - 4*y, 5*y + 25 = 0. Suppose 7 = 6*c - u. Suppose -491 - 280 = -c*s. Is s a composite number?
False
Is 2/(((-140)/50953)/(-10)) composite?
True
Let k be 8318/4 + (-45)/(-30). Suppose -4*n - 2226 - 2214 = 0. Let f = n + k. Is f a composite number?
False
Let t(f) = 3*f - 9. Suppose -15 = -4*a - 4*b + 1, 2*b - 8 = 0. Suppose a = -3*p + 7 + 17. Is t(p) a composite number?
True
Let f = 7 + 2. Let c(v) = v**3 - 2*v**2 - 13*v + 1. Is c(f) prime?
False
Let q(c) = 7*c**2 - 3*c - 6. Let v be q(-3). Suppose -v = -2*s + 92. Is s a composite number?
False
Let w = -14049 + 24346. Is w a prime number?
False
Let p(w) = w**3 - 26*w**2 + 13*w - 1. Is p(28) a prime number?
True
Let l(n) = -n + 3. Let g be 138/(-12) + (-9)/(-6). Let h be l(g). Let w = h + -4. Is w prime?
False
Suppose -9*w - 65 = -8*w. Let k = -12 - w. Is k a prime number?
True
Suppose 0 = 18*l - 24*l + 58242. Is l a composite number?
True
Suppose 6*n = -4 - 14. Let r(s) = 2*s**2 + 7*s - 2. Let o(v) = 3*v**2 + 14*v - 3. Let z(q) = n*o(q) + 5*r(q). Is z(-6) composite?
True
Suppose -2*q - 4*h = -3722, -2*h = -2*q - 4*h + 3722. Is q a composite number?
False
Let y(a) = 3005*a + 241. Is y(8) a prime number?
True
Is (24/84)/(4/162302 - 0) prime?
True
Let x be 2 - (1 + -7) - 3. Suppose -x*f - 535 = 20. Let y = 23 - f. Is y a prime number?
False
Suppose 42 = 3*c - 273. Let g = 532 - c. Is g composite?
True
Let g be (6/(-3) + 1)*-8. Suppose 0 = -5*f + 2 + g. Suppose 2*s = -f*s + 508. Is s prime?
True
Suppose 0 = j - 0*j + 5. Let g be 152/10 - (-1)/j. Suppose g*q - 11*q - 1016 = 0. Is q a composite number?
True
Suppose 128283 = 7*x + 37598. Is x composite?
True
Let o = -124 + 126. Is ((-11805)/(-30))/(o/4) a composite number?
False
Suppose 4*t = 2*k + 24, 5*t = -0*t - 3*k + 8. Suppose 3*m - 5 + t = 2*x, -21 = -3*m - 3*x. Suppose m*l = 6*l - 1113. Is l a prime number?
False
Let w(l) = l - 10. Let u be w(14). Suppose -3*d + 13 = -2. Suppose -3*g + u*a - 145 = -428, d*a = -5*g + 495. Is g a composite number?
False
Let y(b) = -246*b + 205. Is y(-31) composite?
True
Let i be (-24)/16 + (-19)/(-2). Is i/(-52) + (-691)/(-13) a prime number?
True
Suppose 0*r + 5*r - 20 = 0. Suppose b + r*b = 10. Suppose 7*l - b*l = 925. Is l prime?
False
Let h be (8/(-4) - -3) + 67*18. Let t = h - 222. Is t prime?
False
Let h(p) = 5*p**2 - 37*p + 17. Let t(r) = 24*r**2 - 2*r + 3. Let v be t(1). Is h(v) a prime number?
False
Let p be 1/4 + ((-124695)/(-4))/9. Let d = p - 1993. Is d composite?
False
Let n be (-3)/18 + 1213/6. Suppose 0 = 4*i - 1794 - n. Is i composite?
False
Let f be 16/88 - (-4541)/11. Let q = f + -292. Is q composite?
True
Suppose -4*u = -308 - 1016. Suppose u = -4*m - 301. Let i = -61 - m. Is i composite?
False
Let h be 3 - (-4)/((-8)/(-3502)). Let c = h + -357. Is c composite?
True
Let m(o) = -354*o + 22. Let q be m(-6). Suppose -3*l + q - 43 = 0. Is l a prime number?
True
Let p(l) be the first derivative of l**6/24 + l**5/120 + 5*l**4/24 - 7*l**3/3 + 2. Let y(i) be the third derivative of p(i). Is y(4) composite?
True
Suppose -n + 328 = -117. Is n composite?
True
Let w be ((-10)/(-8))/(8/32). Suppose 5*h = -3*o - w, 0*h = -2*h - 3*o - 11. Suppose -h*b = -6, 82 = 3*j + 4*b - 89. Is j a composite number?
False
Suppose -1831 = -6*n + 7235. Is n a prime number?
True
Suppose -6*l + l - 20 = 0. Let t = l - -23. Is t a prime number?
True
Suppose -21*o + 19*o = -40. Let m be o*(-1)/(4/(-142)). Let f = -396 + m. Is f prime?
False
Let t = -8 - -12. Let u be 553/5 - t/(-10). Suppose -z + u = 2*z. Is z composite?
False
Let m(s) = 802*s**2 + 2. Let a be m(-7). Is 1/(23680/a + (-6)/10) a prime number?
False
Let y(w) = -w. Let p be y(-2). Suppose 0 = n - 2*n + p. Suppose 5*t - n*t = 138. Is t composite?
True
Let v be -2*-2*3*2/12. Suppose 4*p = -v*g + 49 + 707, 3*p - 5*g = 593. Is p prime?
True
Is (-44)/(-66) - (-27091)/3 a composite number?
True
Let z = 9 + -6. Suppose 21 = 3*s - 0*s - z*k, 4*k = 5*s - 31. Suppose s*a = 5*n - 604 - 1381, -4*n + 1588 = -4*a. Is n composite?
False
Let j = -252 - -671. Is j a prime number?
True
Let o be (-10 + 10)/(-1*1). Suppose -4*d - 4*m - 8 = o, 5*m = 3*d - 0*d + 14. Is ((-33)/4)/(d/12) composite?
True
Let h = 237 + -153. Let s = h + 723. Is s prime?
False
Is 6787/10 + (-9)/(-30) a composite number?
True
Let n = -164 - -550. Let p = -57 + n. Is p a composite number?
True
Let f(b) = 110*b - 549. Is f(31) a prime number?
True
Let j = 63640 + -44381. Is j prime?
True
Let k(j) = -2*j**2 - 16*j + 2. Let b be k(-8). Suppose -3*w - u + 704 = 0, 5*w + 114 = b*u + 1291. Is w prime?
False
Let i(z) = -z**3 + 8*z**2 - 2*z + 18. Let p be i(8). Suppose -p*g - 278 = -2*x, -114 = -0*x - x - 4*g. Is x a prime number?
False
Let w = 86 - 95. Let y(o) = -265*o - 26. Is y(w) a prime number?
False
Suppose 6*o - 14*o + 85112 = 0. Is o a composite number?
False
Let z = -6149 - -11016. Is z prime?
False
Let t(x) = x**3 - 2*x**2 + 12*x + 12. Let u(a) = 2*a**3 - 5*a**2 + 35*a + 35. Let j(r) = 17*t(r) - 6*u(r). Is j(5) a composite number?
True
Suppose 0 = 4*h - 1483 - 2737. Is (1/(-1) - -2)*h a composite number?
True
Let m be (-1 + 0)/(1/(-9 - -7)). Suppose -3*j = -0*j - 5*u - 907, 8 = m*u. Is j a composite number?
True
Let t(x) = 177*x - 548. Is t(41) a composite number?
False
Let j be 53094/21 - (-6)/(-21). Suppose 0 = -5*f + 4*b + 15025 - 2330, f - 3*b - j = 0. Is f prime?
True
Suppose 0 = 4*v - 2*q - 18 + 4, -5*v + 11 = 4*q. Let j be 236*(12/(-16))/(-1). Suppose -j = -v*a - 60. Is a a prime number?
False
Suppose -3778 = 2*u - 2*p + 4*p, -3*p + 9 = 0. Let c = -775 - u. Is c a prime number?
True
Let m be 2/3 - 10/(-3). Let i(c) = 0*c + m*c**2 + c**2 + 4*c**2 + c**3 + c. Is i(-7) composite?
True
Let c(f) = -3*f - 14. Let n be c(-6). Suppose 4*i - i = b - 507, i + 169 = -n*b. Is i*(8/(-2) + 3) prime?
False
Suppose 49920 = 5*x + l - 6*l, l = -3*x + 29972. Is x a composite number?
True
Let i(v) = v**2 + 4*v - 1. Let r be i(-5). Suppose -o - 9 = h, -r*h + 2*h = -5*o - 24. Let q(b) = -3*b - 3. Is q(o) prime?
False
Let f be 44/14 - 5/35. Suppose 0 = -3*x + f - 15, -a + 461 = -4*x. Is a composite?
True
Suppose 2 = 4*k - 10. Suppose 0 = 2*t - k*t - 587. Let p = -376 - t. Is p a prime number?
True
Let f(k) = 1052*k**2 - 348*k**2 + 4*k + 185*k**2 + 2 + 744*k**2. Is f(-1) a composite number?
True
Let s be (48/60)/((-1)/(-10)). Suppose 4*x = -3*l + 86 + 912, -4*l - s = 0. Is x a prime number?
True
Suppose 4*z = 5*z - 3*f - 241, 0 = 5*z + f - 1237. Is z a composite number?
True
Let y = 38362 + -17949. Is y prime?
False
Suppose -5*z - 4658 = -2*h, -3*h + 4*z + 11645 = 2*h. Is h a prime number?
False
Let x = 3285 + -5689. Let n = x - -7236. Suppose n - 1094 = 6*z. Is z composite?
True
Is (-9)/(-3) + (-2 - 1) + 719 composite?
False
Suppose 0 = 4*o + 20, q + 2*o + 7224 = 3*q. Is q a prime number?
True
Let d(s) be the third derivative of s**8/5040 + s**7/1260 + s**6/144 + s**5/30 + 4*s**2. Let n(y) be the third derivative of d(y). Is n(4) a prime number?
False
Let f = 16 + -14. Suppose 0 = 3*z + f*z - 1735. Is z a composite number?
False
Suppose 4*u = -2*g + 86, -3*u = -6 - 9. Let y be 35/11 + (-6)/g. Suppose 4*h + 3*x - 2003 = -2*x, y*x - 9 = 0. Is h a composite number?
True
Suppose 4*t - 38374 = 4*z - 3*z, 5*t - 47967 = z. Is t a prime number?
False
Let h(a) = 63*a**3 + a**2 - 8*a + 4. Let g be h(4). Suppose -g = -12*f - 0*f. Is f composite?
True
Suppose -2*p + 2*v = -230, 341 - 20 = 3*p + 3*v. Is p prime?
False
Suppose -3*h + 6*h - 5586 = 0. Let b = h + -3372. Let u = -621 - b. Is u a composite number?
True
